et l(c) = -c**2 - 3*c + 4. What is l(j)?
-6
Let v(p) = -25 + 45 + 5*p - 2*p. What is v(-15)?
-25
Let p(d) be the first derivative of -2*d**3/3 - d**2/2 + 2*d - 1. Let f(m) = 153*m - 2905. Let h be f(19). Determine p(h).
-8
Let f(l) = 8*l + 14 + l - 2*l. Suppose -26*x - 19 = -7*x. Let u(k) = -k - 1. Let p(o) = x*f(o) - 6*u(o). Calculate p(-6).
-2
Let f = -44 - -39. Let n(u) = u**2 + 3*u + 4. Calculate n(f).
14
Let g(y) = y**2 - 10*y + 25. Let i(h) = h**2 + 4*h - 111. Let k be i(-13). What is g(k)?
1
Let u(t) = -3*t - 1. Let f(q) = 9*q + 6. Let l(n) = f(n) + 5*u(n). Calculate l(-4).
25
Let g(z) = -z**2 - 3*z - 4. Let c(a) = -a**3 + 10*a**2 + 12*a + 10. Let t be c(11). Suppose 20 = -2*h - 2*h, 3*h = -q - t. Let f be (2/q)/(1/9). Calculate g(f).
-4
Let q(d) be the third derivative of d**6/120 - 7*d**5/60 + 5*d**4/24 + 10*d**2 - 2*d. Give q(6).
-6
Let o(z) = z - 2. Suppose f + 2*f = 90. Suppose 3*m = 3*c, -3*m + f = 2*c + c. Suppose m*s = s + 24. Calculate o(s).
4
Let r(w) be the second derivative of -1/24*w**4 + 0*w**3 + 0 + 5/2*w**2 + 5*w + 1/60*w**5. Let d(f) be the first derivative of r(f). Give d(3).
6
Suppose -10*i + 120 = 5*i. Let q be (-11)/(-3) - (-2)/(-3). Suppose -q*m = 5 - i. Let h(u) = 6*u + 1. Calculate h(m).
7
Let l(r) be the third derivative of r**7/5040 - r**6/720 + 43*r**5/60 - 47*r**2. Let d(k) be the third derivative of l(k). Determine d(-3).
-4
Let f(r) = 7*r - 4*r + 2*r. Suppose 4*y + 3*v - 308 + 279 = 0, -3*y - v = -18. Calculate f(y).
25
Let c(y) = 9*y**3 - 12*y**2 - 9*y - 6. Let u(g) = -4*g**3 + 6*g**2 + 4*g + 3. Suppose 10*j - 42 = 16*j. Let m(t) = j*u(t) - 3*c(t). Determine m(6).
-9
Let s = 8 + -6. Let p(u) = -9 - 8 + u + 23. Let o(q) = 1. Let w(r) = 39*o(r) - 6*p(r). Give w(s).
-9
Let k(x) = -x**2 - 10*x + 12. Let j be k(-9). Suppose j = 5*a + 2*y, 3*a - 6*y + 2*y = -3. Let i(b) = -a*b + 0*b + 3*b - 6 + 2*b. Calculate i(5).
4
Let k(v) = 5*v + 9. Let l(w) = 13*w - 20. Let c be l(1). Determine k(c).
-26
Let u(g) = -33*g + 1. Let f(t) = 31*t - 1. Let b(j) = 6*f(j) + 5*u(j). Calculate b(-2).
-43
Let z be (-5)/40 - (-82)/16. Let c(p) = 5 - 3*p + z - 5 + 4. What is c(6)?
-9
Let c = 190 - 194. Let o(q) = q**3 + 3*q**2 - 5*q - 1. Calculate o(c).
3
Let p(l) be the third derivative of 3/40*l**6 - 1/60*l**5 - 1/24*l**4 + 0 - 6*l**2 + 0*l - 1/6*l**3. What is p(-1)?
-10
Let l(f) = 2*f + 64*f**2 - 205*f**2 + 71*f**2 - 1 + 68*f**2. Calculate l(6).
-61
Let q(p) be the second derivative of p**4/24 + 5*p**3/3 + 7*p**2 + 12*p. Let v(g) be the first derivative of q(g). Give v(-8).
2
Let u(f) = 10*f + 7. Let g be (-20)/(-4) + -1 + 0. Suppose 3*a = g*a - 2. Let z(n) = -5*n - 3. Let l(y) = a*u(y) + 5*z(y). Determine l(1).
-6
Let c(n) = -n - 3 - 4 - 1745*n**2 + 1746*n**2 + 6*n + 4. Calculate c(-7).
11
Let c be 26/7 + 6/21. Let u(m) = -m + c*m - 5*m - m. Let z(a) = a**3 - 9*a**2 + 7*a + 6. Let g be z(8). Give u(g).
6
Let f be (-3)/2*(-8)/3. Let k(t) be the second derivative of -t**5/20 + 5*t**4/12 - 5*t**3/6 + t**2 + 4*t. Calculate k(f).
-2
Let t(x) = -x + 1. Let d(g) = -8*g + 3. Let f(v) = -2*d(v) + 6*t(v). Let w be f(0). Let s(h) = h**3 + 2. What is s(w)?
2
Let o be (52/156)/((-1)/9). Let j(m) = -8*m + 2. Calculate j(o).
26
Let a(j) = -13*j - 85. Let b be a(-7). Let s(h) = -h + 11. What is s(b)?
5
Let p be (-8)/16 - 37/(-2). Let n(h) = -3 + p*h**3 + 3*h + 7 - 19*h**3. What is n(3)?
-14
Let i(f) be the first derivative of -f**2 + 3*f - 1. Suppose -v = -3*z + 21, 2*z + 34 = 4*z - 4*v. Calculate i(z).
-7
Let q(s) = -s**2 + s. Let n = 2 + -2. Suppose 0*m - 2*m + 12 = n. Suppose 5*t - m = 3*t. Calculate q(t).
-6
Let v(r) be the third derivative of -r**4/24 + 9*r**3 - 5*r**2 - 10. Determine v(0).
54
Let t(l) = -l + 13. Let a = -15 + 24. Let o be t(a). Let s be 3/(1/o*6). Let w(k) = -k**2 - k. What is w(s)?
-6
Let d(l) = 0*l**2 + 8 + 1156*l + 11*l**2 - 1172*l. Let v(y) = 5*y**2 - 8*y + 4. Let g(r) = 4*d(r) - 9*v(r). Determine g(3).
11
Let u(h) = h + 12. Let g = -111 - -100. What is u(g)?
1
Let q(m) be the first derivative of -m**3/3 - 5*m**2/2 + 2*m + 13. What is q(-7)?
-12
Let t(d) = d**2 - d. Let l(g) = -3*g**2 - 7*g + 8. Let w(b) = -l(b) - 4*t(b). Give w(11).
-8
Let v(r) = 3*r**3 + 4*r**2 + 4*r + 2. Let p(g) = 3*g + 34. Let m be p(-12). Give v(m).
-14
Let i(d) = -4*d**2 + 4 - 5 + 3*d**2 - 3*d. Let w(u) = u**2 - 9*u + 2. Let k be w(8). Let q = k - -3. Calculate i(q).
-1
Let p(y) = -5*y**2 + 19*y - 1. Let q(x) = 8*x**2 - 21*x + 2. Let f(a) = 4*p(a) + 3*q(a). Determine f(-3).
-1
Let n(c) be the second derivative of -7*c + 0 - 1/6*c**3 - 4*c**2. Suppose -2*i = -3*i. Give n(i).
-8
Let c(n) be the second derivative of -n**8/6720 - n**7/630 - n**6/360 + n**5/60 + 13*n**4/12 - 10*n. Let s(v) be the third derivative of c(v). Determine s(-3).
-1
Suppose -2*x + 8 = 0, -29 = -2*j - x - 9. Let p(v) = v**2 - 9*v + 8. Calculate p(j).
0
Suppose 4*s = -0*s + 28. Let l(a) be the second derivative of a**3/6 + 2*a**2 - 80*a - 1. Determine l(s).
11
Let a(k) be the second derivative of -k**5/60 - k**4/24 + 7*k**3/6 + 3*k**2/2 - 37*k. Let p(t) be the first derivative of a(t). What is p(5)?
-23
Let g(j) = 4*j**2 + j + 1. Let r(n) be the first derivative of 3*n + 2 + 3/2*n**2 + 7/3*n**3. Let x(b) = 5*g(b) - 3*r(b). Determine x(-3).
-1
Let i(h) = h**3 + 4*h**2 + 5*h + 2. Suppose 4*l - 8 = 0, -4*c + 12 + 18 = -5*l. Let o = c - 9. Suppose -o - 15 = 4*q - f, 4*q - 4 = -4*f. Give i(q).
-4
Let r(c) = 3 + 0 - 3*c + 6*c. Suppose 0 = -0*s - 28*s - 56. Give r(s).
-3
Let f be (-1 - 1)/(10/(-50)). Let a(t) = -t**2 + 9*t + 10. Determine a(f).
0
Let n be (-2)/(-6) + 8/12. Let c(y) = 0*y - 9*y**3 + 3*y**3 + 7*y**3 - y. Let l(m) = -6*m**3 - 2*m**2 + 7*m - 1. Let d(f) = 5*c(f) + l(f). Calculate d(n).
-2
Let k(n) = -11*n**2 + 84*n + 7. Let f be k(8). Let b(r) = r**2 + 24*r - 12. Calculate b(f).
13
Let u(n) = n**3 - 12*n**2 - 15*n + 28. Suppose 0 = -2*b - 154 + 180. What is u(b)?
2
Let h = 231 - 236. Let j(w) = w**3 + 2*w**2 - 4*w. Determine j(h).
-55
Let w(v) = -2*v**2 - 2*v**2 + 18*v + 3*v**2 + 0*v**2 - v**3 - 14*v. Let p be 1 + (-4 - (1 + -1)). Determine w(p).
6
Let y(w) = -w**3 - 5*w**2 - 3*w + 3. Let b be 7/3 + -3 + (-6)/(-9). Suppose 28 + b = -7*x. What is y(x)?
-1
Let z be 2*(-12)/(-21)*(-98)/(-28). Let v(a) = 6*a - 6. What is v(z)?
18
Let f(k) = 2 + k**2 + 9*k + k - 2*k. Let a(j) = j + 2. Let l be a(-9). Give f(l).
-5
Let t(l) = -l**2 + 8*l - 9. Let y(f) = -f + 1. Let v(s) = t(s) + 3*y(s). Let r(a) be the first derivative of v(a). What is r(5)?
-5
Let i(g) = g**2 - 16*g - 6. Let c = 1096 + -1080. Calculate i(c).
-6
Let p(c) be the first derivative of 3*c**2/2 - 17*c - 78. Let a(r) = 3 + 5 - 2 - r. Let k(n) = 11*a(n) + 4*p(n). Determine k(4).
2
Let z be (-1)/3*(0 - (-12 + -3)). Let x(i) = -i**2 - 5*i + 7. Calculate x(z).
7
Let x(v) = -v + 2. Let j be x(-4). Suppose -y = l + 1, 6*y + 5*l + j = 2*y. Let n(i) = 2*i**3 + i + 6*i**3 + 5*i**2 - y - 4*i**3 - 3*i**3. Give n(-5).
-6
Let q(y) = -5*y - 13. Let o be q(-3). Let d(b) = -3*b**2 - 128*b + 129*b + 4*b**o + 2. Determine d(3).
14
Let t(w) = 5*w**3 - 10*w**2 + 24*w + 3. Let q(g) = g**3 - g**2 + 5*g. Let c(x) = 4*q(x) - t(x). Calculate c(5).
2
Let x(p) = -p**2 + 7*p - 1. Let a = -75 + 21. Let h = 59 + a. Calculate x(h).
9
Let j(i) be the first derivative of i**5/20 - 7*i**4/12 - 3*i**3/2 + 5*i**2/2 - 6*i - 2. Let d(n) be the first derivative of j(n). Calculate d(8).
-3
Let d(k) = -k + 2. Let y(x) = -3*x + 5. Let u(v) = 5*d(v) - 2*y(v). Let q(n) = 2*n**2 + 31*n + 17. Let g be q(-15). Let h be (g/(-3))/((-8)/60). Give u(h).
5
Let s(h) = h - 1. Suppose 0*y - 4*y + 215 = 5*i, -3*i - 255 = -4*y. Let p be (-2)/7 + y/14. Suppose -p*v + 14 = -6*v. What is s(v)?
-8
Let z(g) = g**3 - 4*g**2 + 3*g + 22. Let x(t) = -t**3 + 5*t**2 - 4*t - 20. Let a(k) = 6*x(k) + 5*z(k). Determine a(9).
-10
Let a be -5 - (-5)/5 - -1. Let f(y) = y**3 + 3*y**2 - 3. What is f(a)?
-3
Let q(y) = y**3 - 14*y**2 - 17*y + 27. Let c be (3 - (0 + 3)) + 17 - 2. What is q(c)?
-3
Let i(c) = c - 1. Let x(b) be the second derivative of -b**3/2 - 4*b**2 - b. Let v(n) = -2*i(n) - x(n). Give v(-7).
3
Let r(v) = 2*v**2 + 4*v. Let g = 54 + -49. Suppose 0 = -g*x + 5*i + 14 + 11, 2*x + 4 = -5*i. Determine r(x).
30
Suppose r - 3*r + 3*a = 29, 0 = r - 4*a + 7. Let m(q) = q**2 + 18*q - 1